{"id":1934,"date":"2025-10-06T10:05:55","date_gmt":"2025-10-06T08:05:55","guid":{"rendered":"https:\/\/www.stiftung-mbf.ch\/?post_type=product&#038;p=1934"},"modified":"2026-03-07T16:04:41","modified_gmt":"2026-03-07T15:04:41","slug":"brotbrett-ahorn","status":"publish","type":"product","link":"https:\/\/www.stiftung-mbf.ch\/ls\/produkt\/brotbrett-ahorn\/","title":{"rendered":"BROTBRETT (Ahorn)"},"content":{"rendered":"<p>Die Bretter sind die einfachsten Produkte der STEIN MADE-Kollektion. Form und Funktion sind zeitlos, das Material wird zum Tr\u00e4ger der Hochwertigkeit.<\/p>\n<p>Wie ein Brotlaib ist die Form und f\u00fcr Brote ist es auch designt, das BROTBRETT. Die Kr\u00fcmellrillen und das massive Hartholz machen das Schneiden perfekt und dank den Griffhilfen ist das Brett \u00e4usserst handlich. Ein langlebiger und entsprechend nachhaltiger Partner in Ihrer K\u00fcche.<\/p>\n<p>Auch mit Logo oder Branding individualisierbar. Unser Verkaufsteam ber\u00e4t Sie gern.<span style=\"color: #104578;\"><a style=\"color: #104578;\" href=\"https:\/\/www.stiftung-mbf.ch\/kontakt\/?kontakt=produkte-dienstleistungen#Kontaktformular\">&gt; Mit einem Klick die M\u00f6glichkeiten f\u00fcr Ihr Logo auf diesem Produkt anfragen!<\/a><\/span><\/p \n\n","protected":false},"excerpt":{"rendered":"<h1>Brotbrett aus Ahorn<\/h1>\n","protected":false},"featured_media":2327,"comment_status":"closed","ping_status":"closed","template":"","meta":{"_acf_changed":false},"product_brand":[],"product_cat":[38],"product_tag":[57,56,58,41],"class_list":{"0":"post-1934","1":"product","2":"type-product","3":"status-publish","4":"has-post-thumbnail","6":"product_cat-steinmade-kuechenhelfer-holzaccessoires","7":"product_tag-ahorn","8":"product_tag-brett","9":"product_tag-brotbrett","10":"product_tag-kueche","12":"first","13":"instock","14":"taxable","15":"shipping-taxable","16":"purchasable","17":"product-type-simple"},"acf":[],"_links":{"self":[{"href":"https:\/\/www.stiftung-mbf.ch\/ls\/wp-json\/wp\/v2\/product\/1934","targetHints":{"allow":["GET"]}}],"collection":[{"href":"https:\/\/www.stiftung-mbf.ch\/ls\/wp-json\/wp\/v2\/product"}],"about":[{"href":"https:\/\/www.stiftung-mbf.ch\/ls\/wp-json\/wp\/v2\/types\/product"}],"replies":[{"embeddable":true,"href":"https:\/\/www.stiftung-mbf.ch\/ls\/wp-json\/wp\/v2\/comments?post=1934"}],"wp:featuredmedia":[{"embeddable":true,"href":"https:\/\/www.stiftung-mbf.ch\/ls\/wp-json\/wp\/v2\/media\/2327"}],"wp:attachment":[{"href":"https:\/\/www.stiftung-mbf.ch\/ls\/wp-json\/wp\/v2\/media?parent=1934"}],"wp:term":[{"taxonomy":"product_brand","embeddable":true,"href":"https:\/\/www.stiftung-mbf.ch\/ls\/wp-json\/wp\/v2\/product_brand?post=1934"},{"taxonomy":"product_cat","embeddable":true,"href":"https:\/\/www.stiftung-mbf.ch\/ls\/wp-json\/wp\/v2\/product_cat?post=1934"},{"taxonomy":"product_tag","embeddable":true,"href":"https:\/\/www.stiftung-mbf.ch\/ls\/wp-json\/wp\/v2\/product_tag?post=1934"}],"curies":[{"name":"wp","href":"https:\/\/api.w.org\/{rel}","templated":true}]}}

<p>Die Bretter sind die einfachsten Produkte der STEIN MADE-Kollektion. Form und Funktion sind zeitlos, das Material wird zum Träger der Hochwertigkeit.</p>
<p>Wie ein Brotlaib ist die Form und für Brote ist es auch designt, das BROTBRETT. Die Krümellrillen und das massive Hartholz machen das Schneiden perfekt und dank den Griffhilfen ist das Brett äusserst handlich. Ein langlebiger und entsprechend nachhaltiger Partner in Ihrer Küche.</p>
<p>Auch mit Logo oder Branding individualisierbar. Unser Verkaufsteam berät Sie gern.<span style="color: #104578;"><a style="color: #104578;" href="https://www.stiftung-mbf.ch/kontakt/?kontakt=produkte-dienstleistungen#Kontaktformular">&gt; Mit einem Klick die Möglichkeiten für Ihr Logo auf diesem Produkt anfragen!</a></span></p
