{"id":1936,"date":"2025-10-06T10:14:25","date_gmt":"2025-10-06T08:14:25","guid":{"rendered":"https:\/\/www.stiftung-mbf.ch\/?post_type=product&#038;p=1936"},"modified":"2026-03-07T16:04:07","modified_gmt":"2026-03-07T15:04:07","slug":"brett-s-ahorn","status":"publish","type":"product","link":"https:\/\/www.stiftung-mbf.ch\/ls\/produkt\/brett-s-ahorn\/","title":{"rendered":"BRETT &#8211; S (Ahorn)"},"content":{"rendered":"<p>Die Bretter sind die einfachsten Produkte der STEIN MADE-Kollektion. Form und Funktion sind zeitlos, das Material wird zum Tr\u00e4ger der Hochwertigkeit.<\/p>\n<p>R\u00fcstbretter von STEIN MADE gibt es in zwei Gr\u00f6ssen die optimal zusammenpassen: BRETT \u2013\u00a0S und\u00a0<a href=\"https:\/\/www.stein-made.ch\/kueche\/brett-l-buche\" rel=\"nofollow noopener\" target=\"_blank\">BRETT \u2013\u00a0L<\/a>. Nat\u00fcrlich sind die R\u00fcstbretter in erster Linie zum arbeiten da, dank der sch\u00f6nen Formsprache eignen Sie sich aber auch bestens zum aufstellen oder aufh\u00e4ngen.<\/p>\n<p>Auch mit Logo oder Branding individualisierbar. Unser Verkaufsteam ber\u00e4t Sie gern.<span style=\"color: #104578;\"><a style=\"color: #104578;\" href=\"https:\/\/www.stiftung-mbf.ch\/kontakt\/?kontakt=produkte-dienstleistungen#Kontaktformular\">&gt; Mit einem Klick die M\u00f6glichkeiten f\u00fcr Ihr Logo auf diesem Produkt anfragen!<\/a><\/span><\/p \n\n","protected":false},"excerpt":{"rendered":"<h1>Kleines R\u00fcstbrett<\/h1>\n","protected":false},"featured_media":2449,"comment_status":"closed","ping_status":"closed","template":"","meta":{"_acf_changed":false},"product_brand":[],"product_cat":[38],"product_tag":[57,56],"class_list":{"0":"post-1936","1":"product","2":"type-product","3":"status-publish","4":"has-post-thumbnail","6":"product_cat-steinmade-kuechenhelfer-holzaccessoires","7":"product_tag-ahorn","8":"product_tag-brett","10":"first","11":"instock","12":"taxable","13":"shipping-taxable","14":"purchasable","15":"product-type-simple"},"acf":[],"_links":{"self":[{"href":"https:\/\/www.stiftung-mbf.ch\/ls\/wp-json\/wp\/v2\/product\/1936","targetHints":{"allow":["GET"]}}],"collection":[{"href":"https:\/\/www.stiftung-mbf.ch\/ls\/wp-json\/wp\/v2\/product"}],"about":[{"href":"https:\/\/www.stiftung-mbf.ch\/ls\/wp-json\/wp\/v2\/types\/product"}],"replies":[{"embeddable":true,"href":"https:\/\/www.stiftung-mbf.ch\/ls\/wp-json\/wp\/v2\/comments?post=1936"}],"wp:featuredmedia":[{"embeddable":true,"href":"https:\/\/www.stiftung-mbf.ch\/ls\/wp-json\/wp\/v2\/media\/2449"}],"wp:attachment":[{"href":"https:\/\/www.stiftung-mbf.ch\/ls\/wp-json\/wp\/v2\/media?parent=1936"}],"wp:term":[{"taxonomy":"product_brand","embeddable":true,"href":"https:\/\/www.stiftung-mbf.ch\/ls\/wp-json\/wp\/v2\/product_brand?post=1936"},{"taxonomy":"product_cat","embeddable":true,"href":"https:\/\/www.stiftung-mbf.ch\/ls\/wp-json\/wp\/v2\/product_cat?post=1936"},{"taxonomy":"product_tag","embeddable":true,"href":"https:\/\/www.stiftung-mbf.ch\/ls\/wp-json\/wp\/v2\/product_tag?post=1936"}],"curies":[{"name":"wp","href":"https:\/\/api.w.org\/{rel}","templated":true}]}}

<p>Die Bretter sind die einfachsten Produkte der STEIN MADE-Kollektion. Form und Funktion sind zeitlos, das Material wird zum Träger der Hochwertigkeit.</p>
<p>Rüstbretter von STEIN MADE gibt es in zwei Grössen die optimal zusammenpassen: BRETT – S und <a href="https://www.stein-made.ch/kueche/brett-l-buche" rel="nofollow noopener" target="_blank">BRETT – L</a>. Natürlich sind die Rüstbretter in erster Linie zum arbeiten da, dank der schönen Formsprache eignen Sie sich aber auch bestens zum aufstellen oder aufhängen.</p>
<p>Auch mit Logo oder Branding individualisierbar. Unser Verkaufsteam berät Sie gern.<span style="color: #104578;"><a style="color: #104578;" href="https://www.stiftung-mbf.ch/kontakt/?kontakt=produkte-dienstleistungen#Kontaktformular">&gt; Mit einem Klick die Möglichkeiten für Ihr Logo auf diesem Produkt anfragen!</a></span></p

<h1>Kleines Rüstbrett</h1>
